[INFO] fetching crate ftdi-embedded-hal 0.15.1...
[INFO] checking ftdi-embedded-hal-0.15.1 against master#e6e4f7ed1589e03bc2f6c5931c1a72e7947e8682 for beta-170-4
[INFO] extracting crate ftdi-embedded-hal 0.15.1 into /workspace/builds/worker-5-tc2/source
[INFO] validating manifest of crates.io crate ftdi-embedded-hal 0.15.1 on toolchain e6e4f7ed1589e03bc2f6c5931c1a72e7947e8682
[INFO] running `Command { std: CARGO_HOME="/workspace/cargo-home" RUSTUP_HOME="/workspace/rustup-home" "/workspace/cargo-home/bin/cargo" "+e6e4f7ed1589e03bc2f6c5931c1a72e7947e8682" "metadata" "--manifest-path" "Cargo.toml" "--no-deps", kill_on_drop: false }`
[INFO] started tweaking crates.io crate ftdi-embedded-hal 0.15.1
[INFO] finished tweaking crates.io crate ftdi-embedded-hal 0.15.1
[INFO] tweaked toml for crates.io crate ftdi-embedded-hal 0.15.1 written to /workspace/builds/worker-5-tc2/source/Cargo.toml
[INFO] crate crates.io crate ftdi-embedded-hal 0.15.1 already has a lockfile, it will not be regenerated
[INFO] running `Command { std: CARGO_HOME="/workspace/cargo-home" RUSTUP_HOME="/workspace/rustup-home" "/workspace/cargo-home/bin/cargo" "+e6e4f7ed1589e03bc2f6c5931c1a72e7947e8682" "fetch" "--manifest-path" "Cargo.toml", kill_on_drop: false }`
[INFO] running `Command { std: "docker" "create" "-v" "/var/lib/crater-agent-workspace/builds/worker-5-tc2/target:/opt/rustwide/target:rw,Z" "-v" "/var/lib/crater-agent-workspace/builds/worker-5-tc2/source:/opt/rustwide/workdir:ro,Z" "-v" "/var/lib/crater-agent-workspace/cargo-home:/opt/rustwide/cargo-home:ro,Z" "-v" "/var/lib/crater-agent-workspace/rustup-home:/opt/rustwide/rustup-home:ro,Z" "-e" "SOURCE_DIR=/opt/rustwide/workdir" "-e" "CARGO_TARGET_DIR=/opt/rustwide/target" "-e" "CARGO_HOME=/opt/rustwide/cargo-home" "-e" "RUSTUP_HOME=/opt/rustwide/rustup-home" "-w" "/opt/rustwide/workdir" "-m" "1610612736" "--user" "0:0" "--network" "none" "ghcr.io/rust-lang/crates-build-env/linux@sha256:19e73879b68f455e41552ea35293514db52ea292d993f571636dbffedb77a1ee" "/opt/rustwide/cargo-home/bin/cargo" "+e6e4f7ed1589e03bc2f6c5931c1a72e7947e8682" "metadata" "--no-deps" "--format-version=1", kill_on_drop: false }`
[INFO] [stdout] 35ae1e9e995d1d9792912b9383b7cd6c3836ae43fb6a98fb6c84aaa3a2eda09f
[INFO] running `Command { std: "docker" "start" "-a" "35ae1e9e995d1d9792912b9383b7cd6c3836ae43fb6a98fb6c84aaa3a2eda09f", kill_on_drop: false }`
[INFO] running `Command { std: "docker" "inspect" "35ae1e9e995d1d9792912b9383b7cd6c3836ae43fb6a98fb6c84aaa3a2eda09f", kill_on_drop: false }`
[INFO] running `Command { std: "docker" "rm" "-f" "35ae1e9e995d1d9792912b9383b7cd6c3836ae43fb6a98fb6c84aaa3a2eda09f", kill_on_drop: false }`
[INFO] [stdout] 35ae1e9e995d1d9792912b9383b7cd6c3836ae43fb6a98fb6c84aaa3a2eda09f
[INFO] running `Command { std: "docker" "create" "-v" "/var/lib/crater-agent-workspace/builds/worker-5-tc2/target:/opt/rustwide/target:rw,Z" "-v" "/var/lib/crater-agent-workspace/builds/worker-5-tc2/source:/opt/rustwide/workdir:ro,Z" "-v" "/var/lib/crater-agent-workspace/cargo-home:/opt/rustwide/cargo-home:ro,Z" "-v" "/var/lib/crater-agent-workspace/rustup-home:/opt/rustwide/rustup-home:ro,Z" "-e" "SOURCE_DIR=/opt/rustwide/workdir" "-e" "CARGO_TARGET_DIR=/opt/rustwide/target" "-e" "CARGO_INCREMENTAL=0" "-e" "RUST_BACKTRACE=full" "-e" "RUSTFLAGS=--cap-lints=forbid" "-e" "RUSTDOCFLAGS=--cap-lints=forbid" "-e" "CARGO_HOME=/opt/rustwide/cargo-home" "-e" "RUSTUP_HOME=/opt/rustwide/rustup-home" "-w" "/opt/rustwide/workdir" "-m" "1610612736" "--user" "0:0" "--network" "none" "ghcr.io/rust-lang/crates-build-env/linux@sha256:19e73879b68f455e41552ea35293514db52ea292d993f571636dbffedb77a1ee" "/opt/rustwide/cargo-home/bin/cargo" "+e6e4f7ed1589e03bc2f6c5931c1a72e7947e8682" "check" "--frozen" "--all" "--all-targets" "--message-format=json", kill_on_drop: false }`
[INFO] [stdout] 61e51a3206b5b78df6431f82769bc8b8d3b2522f719f4cdda9a1fb3ca47afea0
[INFO] running `Command { std: "docker" "start" "-a" "61e51a3206b5b78df6431f82769bc8b8d3b2522f719f4cdda9a1fb3ca47afea0", kill_on_drop: false }`
[INFO] [stderr]     Checking nb v0.1.3
[INFO] [stderr]    Compiling proc-macro2 v1.0.56
[INFO] [stderr]    Compiling quote v1.0.27
[INFO] [stderr]    Compiling unicase v2.6.0
[INFO] [stderr]     Checking unicode-ident v1.0.8
[INFO] [stderr]    Compiling semver v1.0.17
[INFO] [stderr]    Compiling syn v1.0.109
[INFO] [stderr]    Compiling pulldown-cmark v0.8.0
[INFO] [stderr]     Checking embedded-hal v0.2.7
[INFO] [stderr]     Checking embedded-hal v1.0.0-alpha.10
[INFO] [stderr]     Checking regex-syntax v0.7.1
[INFO] [stderr]     Checking ftdi-mpsse v0.1.1
[INFO] [stderr]     Checking embedded-hal-nb v1.0.0-alpha.2
[INFO] [stderr]     Checking toml v0.5.11
[INFO] [stderr]     Checking embedded-storage v0.2.0
[INFO] [stderr]     Checking lm75 v0.2.0
[INFO] [stderr]     Checking eeprom24x v0.5.0
[INFO] [stderr]     Checking spi-memory v0.2.0
[INFO] [stderr]     Checking ftdi-embedded-hal v0.15.1 (/opt/rustwide/workdir)
[INFO] [stderr]     Checking regex v1.8.1
[INFO] [stderr]     Checking version-sync v0.9.4
[INFO] [stdout] error: one of features 'ftdi' and 'libftd2xx' shall be enabled
[INFO] [stdout]   --> examples/spi-flash.rs:21:13
[INFO] [stdout]    |
[INFO] [stdout] 21 |             compile_error!("one of features 'ftdi' and 'libftd2xx' shall be enabled");
[INFO] [stdout]    |             ^^^^^^^^^^^^^^^^^^^^^^^^^^^^^^^^^^^^^^^^^^^^^^^^^^^^^^^^^^^^^^^^^^^^^^^^^
[INFO] [stdout] 
[INFO] [stdout] 
[INFO] [stdout] error[E0425]: cannot find value `device` in this scope
[INFO] [stdout]   --> examples/spi-flash.rs:25:37
[INFO] [stdout]    |
[INFO] [stdout] 25 |     let hal = hal::FtHal::init_freq(device, 1_000_000).unwrap();
[INFO] [stdout]    |                                     ^^^^^^ not found in this scope
[INFO] [stdout] 
[INFO] [stdout] 
[INFO] [stdout] error[E0425]: cannot find value `data` in this scope
[INFO] [stdout]   --> examples/spi-flash.rs:41:34
[INFO] [stdout]    |
[INFO] [stdout] 41 |         bytes_w.copy_from_slice(&data);
[INFO] [stdout]    |                                  ^^^^ not found in this scope
[INFO] [stdout] 
[INFO] [stdout] 
[INFO] [stdout] error[E0425]: cannot find value `data` in this scope
[INFO] [stdout]   --> examples/spi-flash.rs:52:20
[INFO] [stdout]    |
[INFO] [stdout] 52 |         assert_eq!(data, bytes_r);
[INFO] [stdout]    |                    ^^^^ not found in this scope
[INFO] [stdout] 
[INFO] [stdout] 
[INFO] [stdout] error: one of features 'ftdi' and 'libftd2xx' shall be enabled
[INFO] [stdout]   --> examples/at24c04.rs:17:13
[INFO] [stdout]    |
[INFO] [stdout] 17 |             compile_error!("one of features 'ftdi' and 'libftd2xx' shall be enabled");
[INFO] [stdout]    |             ^^^^^^^^^^^^^^^^^^^^^^^^^^^^^^^^^^^^^^^^^^^^^^^^^^^^^^^^^^^^^^^^^^^^^^^^^
[INFO] [stdout] 
[INFO] [stdout] 
[INFO] [stdout] error: one of features 'ftdi' and 'libftd2xx' shall be enabled
[INFO] [stdout]   --> examples/input.rs:17:13
[INFO] [stdout]    |
[INFO] [stdout] 17 |             compile_error!("one of features 'ftdi' and 'libftd2xx' shall be enabled");
[INFO] [stdout]    |             ^^^^^^^^^^^^^^^^^^^^^^^^^^^^^^^^^^^^^^^^^^^^^^^^^^^^^^^^^^^^^^^^^^^^^^^^^
[INFO] [stdout] 
[INFO] [stdout] 
[INFO] [stdout] error: one of features 'ftdi' and 'libftd2xx' shall be enabled
[INFO] [stdout]   --> examples/blink.rs:18:13
[INFO] [stdout]    |
[INFO] [stdout] 18 |             compile_error!("one of features 'ftdi' and 'libftd2xx' shall be enabled");
[INFO] [stdout]    |             ^^^^^^^^^^^^^^^^^^^^^^^^^^^^^^^^^^^^^^^^^^^^^^^^^^^^^^^^^^^^^^^^^^^^^^^^^
[INFO] [stdout] 
[INFO] [stdout] 
[INFO] [stdout] error: one of features 'ftdi' and 'libftd2xx' shall be enabled
[INFO] [stdout]   --> examples/ws2812.rs:16:13
[INFO] [stdout]    |
[INFO] [stdout] 16 |             compile_error!("one of features 'ftdi' and 'libftd2xx' shall be enabled");
[INFO] [stdout]    |             ^^^^^^^^^^^^^^^^^^^^^^^^^^^^^^^^^^^^^^^^^^^^^^^^^^^^^^^^^^^^^^^^^^^^^^^^^
[INFO] [stdout] 
[INFO] [stdout] 
[INFO] [stdout] error[E0425]: cannot find value `device` in this scope
[INFO] [stdout]   --> examples/input.rs:21:40
[INFO] [stdout]    |
[INFO] [stdout] 21 |     let hal = hal::FtHal::init_default(device).unwrap();
[INFO] [stdout]    |                                        ^^^^^^ not found in this scope
[INFO] [stdout] 
[INFO] [stdout] 
[INFO] [stdout] warning: unused import: `eh0::digital::v2::InputPin`
[INFO] [stdout]  --> examples/input.rs:1:5
[INFO] [stdout]   |
[INFO] [stdout] 1 | use eh0::digital::v2::InputPin;
[INFO] [stdout]   |     ^^^^^^^^^^^^^^^^^^^^^^^^^^
[INFO] [stdout]   |
[INFO] [stdout]   = note: `#[warn(unused_imports)]` on by default
[INFO] [stdout] 
[INFO] [stdout] 
[INFO] [stdout] error[E0425]: cannot find value `device` in this scope
[INFO] [stdout]   --> examples/blink.rs:22:40
[INFO] [stdout]    |
[INFO] [stdout] 22 |     let hal = hal::FtHal::init_default(device).unwrap();
[INFO] [stdout]    |                                        ^^^^^^ not found in this scope
[INFO] [stdout] 
[INFO] [stdout] 
[INFO] [stdout] error[E0425]: cannot find value `device` in this scope
[INFO] [stdout]   --> examples/ws2812.rs:20:37
[INFO] [stdout]    |
[INFO] [stdout] 20 |     let hal = hal::FtHal::init_freq(device, 3_000_000).unwrap();
[INFO] [stdout]    |                                     ^^^^^^ not found in this scope
[INFO] [stdout] 
[INFO] [stdout] 
[INFO] [stdout] error: aborting due to 2 previous errors; 1 warning emitted
[INFO] [stdout] 
[INFO] [stdout] 
[INFO] [stdout] For more information about this error, try `rustc --explain E0425`.
[INFO] [stdout] 
[INFO] [stdout] warning: unused import: `eh0::digital::v2::OutputPin`
[INFO] [stdout]  --> examples/blink.rs:1:5
[INFO] [stdout]   |
[INFO] [stdout] 1 | use eh0::digital::v2::OutputPin;
[INFO] [stdout]   |     ^^^^^^^^^^^^^^^^^^^^^^^^^^^
[INFO] [stdout]   |
[INFO] [stdout]   = note: `#[warn(unused_imports)]` on by default
[INFO] [stdout] 
[INFO] [stdout] 
[INFO] [stdout] warning: unused import: `eh0::blocking::spi::Write`
[INFO] [stdout]  --> examples/ws2812.rs:1:5
[INFO] [stdout]   |
[INFO] [stdout] 1 | use eh0::blocking::spi::Write;
[INFO] [stdout]   |     ^^^^^^^^^^^^^^^^^^^^^^^^^
[INFO] [stdout]   |
[INFO] [stdout]   = note: `#[warn(unused_imports)]` on by default
[INFO] [stdout] 
[INFO] [stdout] 
[INFO] [stdout] error: aborting due to 2 previous errors; 1 warning emitted
[INFO] [stdout] 
[INFO] [stdout] 
[INFO] [stdout] For more information about this error, try `rustc --explain E0425`.
[INFO] [stdout] 
[INFO] [stderr] error: could not compile `ftdi-embedded-hal` (example "input") due to 3 previous errors; 1 warning emitted
[INFO] [stderr] warning: build failed, waiting for other jobs to finish...
[INFO] [stderr] error: could not compile `ftdi-embedded-hal` (example "ws2812") due to 3 previous errors; 1 warning emitted
[INFO] [stdout] error[E0425]: cannot find value `device` in this scope
[INFO] [stdout]   --> examples/at24c04.rs:21:37
[INFO] [stdout]    |
[INFO] [stdout] 21 |     let hal = hal::FtHal::init_freq(device, 400_000).unwrap();
[INFO] [stdout]    |                                     ^^^^^^ not found in this scope
[INFO] [stdout] 
[INFO] [stdout] 
[INFO] [stdout] warning: unused import: `spi_memory::prelude`
[INFO] [stdout]  --> examples/spi-flash.rs:2:5
[INFO] [stdout]   |
[INFO] [stdout] 2 | use spi_memory::prelude::*;
[INFO] [stdout]   |     ^^^^^^^^^^^^^^^^^^^
[INFO] [stdout]   |
[INFO] [stdout]   = note: `#[warn(unused_imports)]` on by default
[INFO] [stdout] 
[INFO] [stdout] 
[INFO] [stdout] error: aborting due to 2 previous errors; 1 warning emitted
[INFO] [stdout] 
[INFO] [stdout] 
[INFO] [stdout] For more information about this error, try `rustc --explain E0425`.
[INFO] [stdout] 
[INFO] [stderr] error: could not compile `ftdi-embedded-hal` (example "blink") due to 3 previous errors; 1 warning emitted
[INFO] [stdout] error: aborting due to 4 previous errors; 1 warning emitted
[INFO] [stdout] 
[INFO] [stdout] 
[INFO] [stdout] For more information about this error, try `rustc --explain E0425`.
[INFO] [stdout] 
[INFO] [stderr] error: could not compile `ftdi-embedded-hal` (example "spi-flash") due to 5 previous errors; 1 warning emitted
[INFO] [stdout] error: aborting due to 2 previous errors
[INFO] [stdout] 
[INFO] [stdout] 
[INFO] [stdout] For more information about this error, try `rustc --explain E0425`.
[INFO] [stdout] 
[INFO] [stderr] error: could not compile `ftdi-embedded-hal` (example "at24c04") due to 3 previous errors
[INFO] running `Command { std: "docker" "inspect" "61e51a3206b5b78df6431f82769bc8b8d3b2522f719f4cdda9a1fb3ca47afea0", kill_on_drop: false }`
[INFO] running `Command { std: "docker" "rm" "-f" "61e51a3206b5b78df6431f82769bc8b8d3b2522f719f4cdda9a1fb3ca47afea0", kill_on_drop: false }`
[INFO] [stdout] 61e51a3206b5b78df6431f82769bc8b8d3b2522f719f4cdda9a1fb3ca47afea0
